what is -1 - -2818916?
2818915
In base 14, what is -1a4434 + -6a?
-1a44a0
In base 15, what is -757 + ca21?
c2b9
In base 6, what is 5404141 - 151?
5403550
In base 13, what is 4 - 273a7?
-273a3
In base 8, what is -547353 + 630?
-546523
In base 15, what is -9ded6 - -51?
-9de85
In base 2, what is -100 + -100101011011010010110?
-100101011011010011010
In base 6, what is -241 - 3554341?
-3555022
In base 16, what is -2a - -c4dd?
c4b3
In base 11, what is -632 - 5707?
-6239
In base 16, what is 7ea47f + 10?
7ea48f
In base 6, what is 53 + -2234112?
-2234015
In base 11, what is 277375 + 21?
277396
In base 3, what is -12022010102122011 + 11?
-12022010102122000
In base 9, what is -14242 - 1814?
-16156
In base 6, what is 4130143113 - 0?
4130143113
In base 8, what is -2150355 + 1766?
-2146367
In base 11, what is -12 - 1260111?
-1260123
In base 3, what is 1212021001020110 - 12?
1212021001020021
In base 4, what is 3221331133200 - -3?
3221331133203
In base 6, what is -32334505 - -5?
-32334500
In base 14, what is 65 - -792031?
792096
In base 15, what is -120da15 + 3?
-120da12
In base 10, what is 58290 + -45?
58245
In base 10, what is 120 + -6898289?
-6898169
In base 7, what is -166536 - 4050?
-203616
In base 4, what is 1003103113110 + -11?
1003103113033
In base 10, what is 383953855 - 3?
383953852
In base 6, what is -5 - -1410345100?
1410345051
In base 2, what is 111100001101 + 1000010111110010?
1001010011111111
In base 15, what is 5a825 + -20d?
5a617
In base 16, what is 78 - -a1fc?
a274
In base 8, what is -5604614 - 0?
-5604614
In base 6, what is -44 - 335514051?
-335514135
In base 5, what is -2214123 - -4202?
-2204421
In base 2, what is 101 + -1100110000011110110111?
-1100110000011110110010
In base 4, what is 2030110223 - -112?
2030111001
In base 7, what is -1 - -654051063?
654051062
In base 14, what is 4820652 - -8?
482065a
In base 16, what is 4d0 - 489a3?
-484d3
In base 2, what is -11001100111010101 - -110110?
-11001100110011111
In base 16, what is 1be - 3665?
-34a7
In base 4, what is 1012 + -12202221?
-12201203
In base 2, what is 1101 + -100011100101101010001?
-100011100101101000100
In base 3, what is -10000 + -1000121111?
-1000201111
In base 2, what is 110 + -10011011101100101111111111?
-10011011101100101111111001
In base 2, what is -1000001 + -101000111101001100011000?
-101000111101001101011001
In base 9, what is -2717031 - -4?
-2717026
In base 8, what is 3 + -10770604?
-10770601
In base 14, what is -2 + -219bab6?
-219bab8
In base 11, what is -2046008 - 6?
-2046013
In base 13, what is 56 + -12047?
-11cc1
In base 4, what is -3 - 10010331322210?
-10010331322213
In base 3, what is -2012120020 - -12112101?
-2000000212
In base 7, what is -30651064 + 11?
-30651053
In base 5, what is -224 + 12044230?
12044001
In base 11, what is -1370a35 + 41?
-13709a4
In base 8, what is 1101446 + -1600?
1077646
In base 4, what is 13121 + 1332110232?
1332130013
In base 2, what is 1000000111001100111 - -10000000101?
1000001001001101100
In base 3, what is -2102 - 12101202020?
-12101211122
In base 2, what is 110010010111111111110 - -10100?
110010011000000010010
In base 4, what is -1111321003 - 11232?
-1111332301
In base 15, what is -7 - ad6dc1?
-ad6dc8
In base 16, what is -de662 - -12?
-de650
In base 11, what is -331 + -a215?
-a546
In base 3, what is -20 + 1122011121020?
1122011121000
In base 12, what is 1330 - -5153?
6483
In base 4, what is -10310010 + -2032203?
-13002213
In base 14, what is 2 - b8b410?
-b8b40c
In base 16, what is ff1f65 + 4?
ff1f69
In base 8, what is 475 - -613547?
614244
In base 2, what is -110100111111011000110000000 - -1?
-110100111111011000101111111
In base 11, what is 79778 + -2a4?
79484
In base 3, what is 2101000011120 + -11?
2101000011102
In base 10, what is 429 + 40885?
41314
In base 3, what is 2111010101 - -2212?
2111020020
In base 4, what is -1 + -2000102231123?
-2000102231130
In base 5, what is 2102013022 - -112?
2102013134
In base 5, what is 1043232011111 + -1?
1043232011110
In base 2, what is 100110000111101 - -1110111010000?
110101000001101
In base 12, what is -6ab278 + 0?
-6ab278
In base 4, what is -202332 + 221311?
12313
In base 4, what is -11 + -10112231201?
-10112231212
In base 3, what is -22200120 + -12?
-22200202
In base 6, what is -1453 + 12520521?
12515024
In base 9, what is -71404370 - -3?
-71404366
In base 7, what is 32063105 - 433?
32062342
In base 12, what is 535 + 910b?
9644
In base 15, what is 552191 - -d2?
552273
In base 8, what is 17 - -1525452?
1525471
In base 9, what is 388 - -353833?
354332
In base 11, what is -33a87 + 248?
-3383a
In base 7, what is -341 + 6111?
5440
In base 12, what is -1805 + -996?
-259b
In base 5, what is 443 - 110002041?
-110001043
In base 2, what is 1001001000011000111 + -10010?
1001001000010110101
In base 5, what is 1033 + 3443304?
3444342
In base 8, what is -2274566 + -3?
-2274571
In base 15, what is -4a - 4a9740?
-4a978a
In base 14, what is -17 - 13c2bc?
-13c2d5
In base 11, what is -3a34a6 - -6?
-3a34a0
In base 11, what is 2 + 1799729?
1799730
In base 6, what is 332021 + 550421?
1322442
In base 5, what is 10224000104 + -1131?
10223443423
In base 9, what is 2385 + -454448?
-452053
In base 15, what is -119ac5 + -7?
-119acc
In base 7, what is 0 + -40131403?
-40131403
In base 14, what is 9 + 49b25?
49b30
In base 7, what is 5106630 + -3?
5106624
In base 16, what is -149 + 5e94b?
5e802
In base 4, what is 120032022 - 21012?
120011010
In base 15, what is 601c25 - 3?
601c22
In base 10, what is -132350 + -21?
-132371
In base 5, what is -111320132 - -101342?
-111213240
In base 12, what is -541 - 1836?
-2177
In base 13, what is -4291ab0 - 12?
-4291ac2
In base 3, what is 1222122 + -2000210022?
-1221210200
In base 12, what is 23 - -108782b6?
10878319
In base 9, what is 12366 + 21450?
33826
In base 16, what is -2f6 - -413f7?
41101
In base 6, what is 241044 + -351?
240253
In base 3, what is -1 + -10122221210021011?
-10122221210021012
In base 13, what is -ca - -470cb?
47001
In base 8, what is 14 + -61711526?
-61711512
In base 8, what is 552 + -374124?
-373352
In base 8, what is 3533 - -123321?
127054
In base 13, what is -5677 - -4a4c?
-928
In base 3, what is 2110 + 20221200200101?
20221200202211
In base 16, what is -5bfa2 - -2?
-5bfa0
In base 5, what is -31202434214 - 22?
-31202434241
In base 6, what is 24 - 43220255?
-43220231
In base 16, what is -106 - 56a5?
-57ab
In base 9, what is 1 - 17411016?
-17411015
In base 14, what is -30b1 + -338?
-3409
In base 12, what is 2 - -900b01?
900b03
In base 11, what is 45 + 7469007?
7469051
In base 12, what is -a37b - 636?
-a9b5
In base 4, what is 3111030 + -2131002?
320022
In base 7, what is 3 - 616651460?
-616651454
In base 4, what is 11 + -1202102313232?
-1202102313221
In base 5, what is 3 - 42323122313?
-42323122310
In base 10, what is -17041 - -71771?
54730
In base 14, what is -2 - -c3bc2b?
c3bc29
In base 4, what is -1312 + -1123313?
-1131231
In base 5, what is 443443233 + -2?
443443231
In base 16, what is c7ecaa - 0?
c7ecaa
In base 8, what is -2 - 2554573?
-2554575
In base 7, what is 160351 + 6?
160360
In base 11, what is 42 - -2304497?
2304529
In base 3, what is -11022 + -112000121020?
-112000202112
In base 14, what is 4c6d15 - 5?
4c6d10
In base 8, what is 15 - 25542055?
-25542040
In base 6, what is -25305555342 + -3?
-25305555345
In base 13, what is ab + -6236?
-6158
In base 16, what is 297 + -a1c?
-785
In base 2, what is -111101100011001000101 - 0?
-111101100011001000101
In base 8, what is -5340 + 14203?
6643
In base 6, what is 244132103 + -1?
244132102
In base 16, what is 38127 - 1c9?
37f5e
In base 14, what is 30d6 + -450d?
-1417
In base 6, what is -2 - 21305434351?
-21305434353
In base 6, what is 3 + 12423042520?
12423042523
In base 14, what is 0 - -153b8d3?
153b8d3
In base 14, what is 1353 - 1b34?
-7c1
In base 6, what is 4 - 503015222?
-503015214
In base 3, what is 2222021222222222 + 2?
2222022000000001
In base 5, what is -2104 - -13342243?
13340134
In base 8, what is -5 - 121702513?
-121702520
In base 3, what is -2110110201 + 10021?
-2110100110
In base 8, what is -3661225413 + 3?
-3661225410
In base 2, what is -110010011101001011011001101 - -110?
-110010011101001011011000111
In base 12, what is 3a + -69692b?
-6968b1
In base 11, what is -13225a8 - 77?
-1322674
In base 12